on divisor of 14048 and 55028.
4
Calculate the greatest common factor of 8 and 1817457064.
8
What is the highest common divisor of 77 and 3579653?
77
Calculate the highest common factor of 366552 and 174791.
1697
What is the highest common factor of 38045710 and 6414?
2138
Calculate the highest common factor of 158105 and 418695.
515
What is the greatest common divisor of 30834 and 15402154?
1142
What is the highest common factor of 133912 and 166744?
152
What is the greatest common factor of 2140 and 605060?
20
Calculate the highest common divisor of 15 and 31755215.
5
What is the greatest common divisor of 112 and 375664?
16
Calculate the greatest common factor of 320 and 55930760.
40
What is the greatest common divisor of 1672720 and 1236?
412
Calculate the highest common divisor of 47079006 and 13.
13
Calculate the greatest common divisor of 1256154 and 5118.
6
Calculate the greatest common factor of 122475 and 8901.
69
Calculate the greatest common divisor of 558749 and 233746.
1601
Calculate the highest common factor of 18012 and 585627.
237
Calculate the highest common factor of 484392 and 109992.
24
Calculate the greatest common divisor of 4119475 and 12710.
205
What is the greatest common factor of 14949 and 126387?
1359
What is the highest common factor of 469 and 287588120?
67
What is the highest common factor of 44 and 319416460?
44
What is the highest common divisor of 94525492 and 276?
92
Calculate the highest common factor of 3123494 and 605.
121
Calculate the greatest common factor of 6117985 and 2610.
145
What is the greatest common divisor of 42 and 8816696?
14
What is the greatest common factor of 968649 and 394?
197
Calculate the greatest common divisor of 112 and 91594881.
7
What is the highest common divisor of 2658120 and 261903?
3909
Calculate the highest common divisor of 3969 and 74439.
81
Calculate the highest common factor of 349375 and 8000.
125
What is the greatest common divisor of 30981201 and 1041?
1041
What is the highest common divisor of 2448997 and 18629?
1433
What is the highest common factor of 6555 and 878945?
115
Calculate the highest common factor of 7194 and 5493.
3
Calculate the greatest common divisor of 24 and 336632.
8
What is the highest common divisor of 6615 and 138978945?
2205
Calculate the highest common divisor of 2431 and 7311139.
187
Calculate the greatest common divisor of 1698 and 96138.
6
What is the greatest common divisor of 22146 and 613388835?
11073
What is the highest common divisor of 19488900 and 3006?
1002
Calculate the greatest common divisor of 35696066 and 14.
14
Calculate the greatest common divisor of 274650 and 693.
3
Calculate the highest common factor of 59508 and 108790884.
2052
Calculate the highest common factor of 526001067 and 405.
27
Calculate the greatest common factor of 1121 and 35754.
59
Calculate the highest common divisor of 4462 and 2836474.
194
What is the highest common factor of 3219 and 5781237?
87
Calculate the greatest common factor of 46812 and 740028.
996
Calculate the highest common factor of 1238729 and 203662.
1289
Calculate the highest common factor of 5640 and 9974904.
1128
Calculate the highest common factor of 11 and 158805570.
11
What is the highest common divisor of 746596 and 20?
4
Calculate the greatest common factor of 26536 and 7844.
4
Calculate the highest common divisor of 991650 and 1250.
50
Calculate the highest common divisor of 61539588 and 19008.
1188
Calculate the highest common divisor of 142366190 and 30.
10
Calculate the greatest common divisor of 1379 and 440034763.
1379
What is the greatest common divisor of 337 and 23695481?
337
Calculate the greatest common divisor of 6724458 and 68076.
558
Calculate the highest common divisor of 17009744 and 16.
16
What is the highest common divisor of 2042947 and 129777?
181
What is the greatest common factor of 7896206 and 2623?
61
Calculate the highest common divisor of 14 and 267004241.
7
Calculate the highest common divisor of 29 and 12672043.
29
Calculate the highest common divisor of 3673690 and 10.
10
Calculate the highest common divisor of 1147860 and 15750.
630
Calculate the highest common factor of 409433618 and 88.
22
What is the greatest common factor of 13579 and 207?
1
Calculate the greatest common divisor of 6250 and 892750.
250
What is the highest common divisor of 16560 and 1672080?
240
What is the greatest common divisor of 193201032 and 96?
24
What is the greatest common divisor of 26918043 and 129?
129
Calculate the greatest common divisor of 3028066857 and 11241.
11241
Calculate the highest common factor of 270722 and 3353474.
446
Calculate the greatest common divisor of 3318 and 61077744.
3318
What is the highest common divisor of 105099 and 2129081?
661
What is the highest common divisor of 30317 and 88963?
497
Calculate the greatest common divisor of 1763 and 100104903.
1763
Calculate the highest common factor of 1234460 and 4044.
4
What is the greatest common factor of 49086 and 676094?
202
What is the highest common divisor of 19863360 and 16?
16
Calculate the highest common factor of 1120096 and 3152.
16
Calculate the highest common factor of 182 and 6773.
13
Calculate the highest common divisor of 21400 and 2115176.
856
Calculate the highest common factor of 942 and 158982.
6
Calculate the highest common divisor of 193224668 and 7280.
364
Calculate the highest common factor of 12213145 and 74.
37
What is the highest common divisor of 1864 and 110737444?
932
Calculate the greatest common factor of 758125 and 107957.
1213
What is the highest common factor of 602587470 and 2850?
570
Calculate the highest common divisor of 56 and 192371228.
28
Calculate the highest common divisor of 467282678 and 5142.
1714
Calculate the greatest common factor of 2898 and 2047046.
46
Calculate the highest common factor of 2024328 and 888.
24
Calculate the highest common factor of 136 and 71847304.
136
What is the highest common factor of 264 and 1551642?
6
Calculate the greatest common factor of 9518752 and 872.
872
What is the greatest common divisor of 1476 and 6992796?
492
Calculate the highest common factor of 70533 and 4505.
17
What is the highest common factor of 4887 and 38340144?
1629
What is the greatest common factor of 345 and 1674075?
15
Calculate the greatest common factor of 13149 and 6093.
9
What is the greatest common divisor of 7125 and 195375?
375
Calculate the highest common factor of 113090 and 21566.
526
Calculate the highest common factor of 37598276 and 28.
4
What is the greatest common divisor of 13594 and 12334?
14
Calculate the highest common divisor of 818590 and 415290.
1090
What is the highest common factor of 59440225 and 26?
13
What is the greatest common divisor of 1078 and 49293574?
22
What is the highest common divisor of 34 and 35788383?
17
Calculate the greatest common divisor of 69452125 and 5125.
125
Calculate the greatest common divisor of 136954256 and 2468.
2468
What is the highest common factor of 31204 and 644032?
116
What is the highest common divisor of 155916 and 109269?
639
What is the greatest common divisor of 47707881 and 1209?
39
What is the greatest common factor of 44007667 and 11001?
3667
Calculate the highest common divisor of 75294 and 792.
18
Calculate the greatest common factor of 13327446 and 100683.
3729
What is the highest common divisor of 830297 and 17901?
221
What is the greatest common divisor of 968 and 412768268?
484
What is the highest common factor of 38702528 and 64?
64
What is the greatest common factor of 272955 and 1240?
155
Calculate the highest common factor of 1541943 and 2484.
621
Calculate the highest common factor of 2110 and 20805866.
422
What is the highest common divisor of 49240 and 301220?
20
What is the greatest common divisor of 7250434 and 1001417?
4373
Calculate the highest common divisor of 17 and 530913553.
17
What is the highest common divisor of 682 and 581218?
22
What is the highest common factor of 1648 and 101741752?
824
What is the greatest common divisor of 176 and 3205928?
88
Calculate the highest common divisor of 7056 and 6869277072.
7056
Calculate the highest common factor of 1751643 and 51409.
101
What is the greatest common factor of 331326 and 576?
18
Calculate the greatest